late the highest common divisor of 7597 and 1070.
107
What is the highest common divisor of 24213 and 42?
21
What is the greatest common divisor of 29708 and 4900?
28
Calculate the highest common factor of 19 and 1105591.
19
Calculate the highest common factor of 8 and 6188008.
8
Calculate the highest common divisor of 11623 and 60479.
197
Calculate the greatest common factor of 143 and 75955.
11
Calculate the highest common factor of 171872 and 2132.
164
Calculate the greatest common factor of 51776 and 64.
64
What is the highest common divisor of 11910 and 11955?
15
What is the highest common factor of 616 and 114?
2
Calculate the highest common factor of 25040 and 6620.
20
Calculate the greatest common factor of 533499 and 489.
489
Calculate the greatest common factor of 257 and 27929989.
257
What is the highest common factor of 64645 and 385?
35
What is the greatest common divisor of 59 and 2169784?
59
What is the greatest common divisor of 63801 and 612?
153
What is the greatest common factor of 8154 and 39562?
302
What is the highest common divisor of 2511239 and 1041?
347
What is the highest common divisor of 128 and 1339328?
64
Calculate the greatest common factor of 11736 and 440.
8
What is the greatest common factor of 3 and 14199?
3
Calculate the highest common divisor of 487172 and 56.
28
Calculate the highest common divisor of 315 and 9360.
45
What is the greatest common divisor of 135 and 199830?
15
Calculate the greatest common factor of 712 and 904.
8
What is the greatest common factor of 1994938 and 88?
22
Calculate the greatest common factor of 115 and 28957.
23
What is the highest common divisor of 1050985 and 65?
65
What is the greatest common divisor of 7 and 73314?
1
What is the greatest common factor of 2716 and 133?
7
What is the highest common factor of 46794 and 88?
22
What is the highest common factor of 954824 and 117?
13
Calculate the highest common divisor of 89 and 53756.
89
Calculate the highest common divisor of 115 and 221329.
23
What is the greatest common divisor of 29 and 125?
1
Calculate the highest common factor of 15520 and 97.
97
Calculate the highest common factor of 151 and 2353.
1
What is the highest common divisor of 7271154 and 99?
99
What is the highest common divisor of 144 and 513?
9
Calculate the highest common divisor of 50936 and 8.
8
What is the highest common divisor of 20202 and 336?
42
Calculate the highest common divisor of 1081713 and 69.
69
Calculate the greatest common factor of 49629 and 9786.
699
Calculate the greatest common divisor of 215 and 19049.
43
Calculate the highest common factor of 424 and 197584.
424
Calculate the highest common divisor of 159 and 687251.
53
What is the highest common factor of 34 and 122893?
17
Calculate the highest common divisor of 4628 and 39988.
52
Calculate the highest common factor of 170531 and 31.
31
Calculate the greatest common divisor of 187 and 74885.
17
What is the greatest common factor of 506 and 128524?
506
Calculate the highest common factor of 2298 and 2260849.
383
Calculate the greatest common factor of 12360 and 8040.
120
What is the highest common divisor of 38 and 3401?
19
What is the highest common divisor of 747 and 103667?
83
Calculate the highest common factor of 1360 and 420835.
85
Calculate the greatest common divisor of 143136 and 5467.
497
Calculate the greatest common factor of 26200 and 58688.
1048
Calculate the greatest common factor of 201780 and 41772.
708
Calculate the greatest common divisor of 21829 and 526.
263
What is the highest common divisor of 67 and 539618?
67
What is the greatest common factor of 4864 and 169088?
128
Calculate the highest common factor of 17848 and 8096.
184
Calculate the greatest common divisor of 74 and 93.
1
Calculate the highest common divisor of 3078618 and 3.
3
What is the greatest common divisor of 203296 and 12?
4
What is the greatest common divisor of 86 and 695654?
86
What is the greatest common divisor of 77855 and 805?
115
What is the greatest common divisor of 5821530 and 885?
885
Calculate the greatest common factor of 1890 and 1730.
10
Calculate the greatest common factor of 257439 and 43173.
1599
Calculate the highest common divisor of 33990 and 360.
30
What is the greatest common factor of 8163 and 963?
9
What is the greatest common factor of 168192 and 71832?
1752
What is the highest common divisor of 335 and 58022?
67
Calculate the greatest common factor of 57 and 1912711.
19
What is the highest common divisor of 1105 and 12376?
221
Calculate the greatest common factor of 237890 and 980.
10
Calculate the greatest common factor of 1986 and 9312.
6
Calculate the greatest common divisor of 1088 and 690880.
1088
Calculate the greatest common factor of 10224 and 144.
144
Calculate the highest common factor of 22 and 13695418.
22
Calculate the highest common divisor of 4 and 196686.
2
What is the highest common divisor of 192182 and 5947?
313
Calculate the greatest common factor of 667641 and 1292.
323
What is the greatest common divisor of 11077 and 190323?
1007
What is the greatest common divisor of 143 and 24?
1
Calculate the greatest common divisor of 32 and 846224.
16
What is the highest common divisor of 1155 and 797115?
165
What is the highest common divisor of 31 and 96534?
31
Calculate the highest common divisor of 34645 and 143.
13
Calculate the highest common divisor of 180 and 133290.
90
Calculate the greatest common factor of 3620 and 37286.
362
What is the highest common factor of 620581 and 13?
13
Calculate the highest common factor of 418 and 14069.
11
What is the greatest common factor of 67868 and 376?
188
What is the highest common factor of 18715 and 95?
95
What is the greatest common divisor of 759 and 4407513?
759
Calculate the highest common divisor of 938 and 1400.
14
Calculate the highest common factor of 500 and 4780.
20
What is the greatest common divisor of 13090 and 287?
7
What is the highest common factor of 41775 and 1275?
75
Calculate the greatest common factor of 386250 and 750.
750
What is the greatest common factor of 18 and 99891?
9
Calculate the highest common divisor of 37506 and 26978.
658
Calculate the greatest common factor of 1472 and 9016.
184
Calculate the highest common divisor of 300 and 50425.
25
What is the greatest common factor of 120696 and 72?
24
What is the greatest common factor of 10080 and 176?
16
Calculate the greatest common divisor of 336 and 3759.
21
What is the greatest common factor of 470052 and 108?
36
What is the highest common factor of 2106160 and 80?
80
Calculate the highest common divisor of 38 and 3952494.
38
Calculate the greatest common divisor of 39 and 99411.
39
What is the highest common divisor of 78237 and 324?
9
Calculate the greatest common divisor of 2765 and 14220.
395
What is the highest common divisor of 556 and 10968?
4
Calculate the greatest common divisor of 36384 and 864.
96
What is the greatest common divisor of 84422 and 1910?
382
Calculate the greatest common divisor of 10332 and 1080268.
1148
Calculate the greatest common factor of 316 and 1672.
4
Calculate the highest common divisor of 36314 and 402.
134
Calculate the highest common divisor of 1357806 and 582.
582
What is the highest common factor of 4662 and 938?
14
What is the greatest common divisor of 112851 and 18?
9
Calculate the highest common divisor of 697 and 8782897.
697
What is the highest common divisor of 3404 and 322?
46
What is the highest common factor of 34013 and 2825?
113
Calculate the highest common factor of 114 and 1199546.
38
Calculate the greatest common factor of 20748 and 2444.
52
What is the greatest common divisor of 3432 and 63723?
33
What is the greatest common factor of 88 and 59323?
11
What is the greatest common factor of 99 and 27153?
9
What is the highest common divisor of 241 and 841090?
241
Calculate the highest common factor of 4320 and 46170.
270
What is the highest common factor of 112553 and 98?
49
Calculate the highest common factor of 104 and 30849.
13
What is the highest common factor of 71055 and 765?
45
Calculate the highest common divisor of 26460 and 16065.
945
What is the greatest common factor of 9155 and 80?
5
Calculate the highest common divisor of 133285 and 95.
95
What is the gre